sands digit of 106505?
6
What is the units digit of 208591?
1
What is the ten thousands digit of 9115190?
1
What is the millions digit of 13577725?
3
What is the ten thousands digit of 4479127?
7
What is the hundreds digit of 7824570?
5
What is the tens digit of 5737423?
2
What is the tens digit of 416328?
2
What is the hundred thousands digit of 13405638?
4
What is the units digit of 843770?
0
What is the hundred thousands digit of 606742?
6
What is the hundred thousands digit of 867193?
8
What is the thousands digit of 11447635?
7
What is the millions digit of 1100806?
1
What is the hundreds digit of 228890?
8
What is the thousands digit of 91554?
1
What is the units digit of 4555520?
0
What is the tens digit of 34730836?
3
What is the hundreds digit of 327784?
7
What is the thousands digit of 183244?
3
What is the units digit of 650893?
3
What is the millions digit of 2880512?
2
What is the millions digit of 11807955?
1
What is the hundred thousands digit of 275643?
2
What is the tens digit of 4444218?
1
What is the ten thousands digit of 89512?
8
What is the millions digit of 5878122?
5
What is the units digit of 137636?
6
What is the units digit of 1335454?
4
What is the thousands digit of 3319095?
9
What is the units digit of 218276?
6
What is the ten thousands digit of 12388137?
8
What is the thousands digit of 83723?
3
What is the thousands digit of 414705?
4
What is the units digit of 946529?
9
What is the hundreds digit of 552821?
8
What is the hundred thousands digit of 370102?
3
What is the hundreds digit of 2000075?
0
What is the units digit of 1264128?
8
What is the ten millions digit of 19150814?
1
What is the hundreds digit of 289481?
4
What is the hundred thousands digit of 1161894?
1
What is the millions digit of 12096940?
2
What is the tens digit of 963571?
7
What is the hundred thousands digit of 4142993?
1
What is the millions digit of 3255200?
3
What is the ten thousands digit of 272489?
7
What is the hundreds digit of 5886371?
3
What is the ten thousands digit of 610403?
1
What is the millions digit of 12709757?
2
What is the ten thousands digit of 15104340?
0
What is the units digit of 60346?
6
What is the ten thousands digit of 9910336?
1
What is the hundred thousands digit of 212393?
2
What is the hundreds digit of 1499507?
5
What is the hundred thousands digit of 425549?
4
What is the hundred thousands digit of 181996?
1
What is the tens digit of 4905471?
7
What is the ten thousands digit of 782806?
8
What is the tens digit of 335334?
3
What is the hundreds digit of 2678817?
8
What is the hundreds digit of 91636?
6
What is the units digit of 485083?
3
What is the thousands digit of 1356146?
6
What is the millions digit of 9416339?
9
What is the ten thousands digit of 95554?
9
What is the millions digit of 2143634?
2
What is the ten thousands digit of 211029?
1
What is the tens digit of 2018361?
6
What is the hundreds digit of 380600?
6
What is the hundreds digit of 709009?
0
What is the thousands digit of 78701?
8
What is the tens digit of 813304?
0
What is the hundreds digit of 480619?
6
What is the thousands digit of 146319?
6
What is the tens digit of 3636455?
5
What is the units digit of 112492?
2
What is the thousands digit of 18082383?
2
What is the millions digit of 9062924?
9
What is the hundreds digit of 42542?
5
What is the millions digit of 1457017?
1
What is the tens digit of 39478?
7
What is the ten thousands digit of 3607855?
0
What is the hundred thousands digit of 5086014?
0
What is the tens digit of 93105?
0
What is the thousands digit of 9857?
9
What is the thousands digit of 570697?
0
What is the tens digit of 8676364?
6
What is the units digit of 496978?
8
What is the hundred thousands digit of 8132150?
1
What is the hundreds digit of 227581?
5
What is the ten millions digit of 34521453?
3
What is the hundred thousands digit of 13190694?
1
What is the hundred thousands digit of 5454293?
4
What is the units digit of 1004259?
9
What is the hundreds digit of 458929?
9
What is the units digit of 8338589?
9
What is the units digit of 2304587?
7
What is the tens digit of 25982308?
0
What is the tens digit of 202295?
9
What is the millions digit of 1065755?
1
What is the units digit of 139084?
4
What is the thousands digit of 211871?
1
What is the millions digit of 1548641?
1
What is the units digit of 2614455?
5
What is the hundreds digit of 476069?
0
What is the hundreds digit of 573556?
5
What is the thousands digit of 94842?
4
What is the hundreds digit of 786486?
4
What is the tens digit of 782512?
1
What is the units digit of 5750552?
2
What is the units digit of 1386074?
4
What is the ten thousands digit of 6157950?
5
What is the tens digit of 6877503?
0
What is the tens digit of 39256?
5
What is the thousands digit of 312315?
2
What is the units digit of 341713?
3
What is the ten thousands digit of 29523?
2
What is the hundred thousands digit of 142771?
1
What is the thousands digit of 5507905?
7
What is the thousands digit of 625373?
5
What is the units digit of 18043326?
6
What is the tens digit of 18161114?
1
What is the hundreds digit of 265770?
7
What is the ten thousands digit of 6786861?
8
What is the hundred thousands digit of 369921?
3
What is the ten thousands digit of 78609?
7
What is the ten thousands digit of 5563192?
6
What is the tens digit of 4240556?
5
What is the hundreds digit of 4536435?
4
What is the hundreds digit of 349782?
7
What is the ten thousands digit of 2197354?
9
What is the ten thousands digit of 358353?
5
What is the hundreds digit of 2539482?
4
What is the thousands digit of 2419816?
9
What is the ten thousands digit of 232116?
3
What is the units digit of 2218?
8
What is the ten thousands digit of 344332?
4
What is the millions digit of 18556484?
8
What is the millions digit of 5161741?
5
What is the ten thousands digit of 604554?
0
What is the units digit of 45222?
2
What is the tens digit of 212498?
9
What is the thousands digit of 468802?
8
What is the units digit of 833289?
9
What is the thousands digit of 285520?
5
What is the units digit of 19471849?
9
What is the units digit of 471816?
6
What is the ten thousands digit of 195047?
9
What is the ten thousands digit of 45197?
4
What is the thousands digit of 244489?
4
What is the ten thousands digit of 13760302?
6
What is the hundreds digit of 41378?
3
What is the millions digit of 2903334?
2
What is the units digit of 2436380?
0
What is the hundreds digit of 5475518?
5
What is the hundred thousands digit of 10670649?
6
What is the tens digit of 12098?
9
What is the units digit of 16791?
1
What is the tens digit of 3333527?
2
What is the ten thousands digit of 13391311?
9
What is the hundreds digit of 2609523?
5
What is the units digit of 316838?
8
What is the millions digit of 5170795?
5
What is the hundreds digit of 7038042?
0
What is the units digit of 99286?
6
What is the tens digit of 7011681?
8
What is the millions digit of 1484631?
1
What is the tens digit of 775818?
1
What is the tens digit of 488802?
0
What is the ten thousands digit of 580095?
8
What is the thousands digit of 832874?
2
What is the hundreds digit of 97903?
9
What is the tens digit of 38097042?
4
What is the hundred thousands digit of 334104?
3
What is the hundreds digit of 99098?
0
What is the hundred thousands digit of 4266714?
2
What is the ten thousands digit of 8661185?
6
What is the hundreds digit of 201917?
9
What is the hundred thousands digit of 5408235?
4
What is the hundred thousands digit of 4047233?
0
What is the ten thousands digit of 22105308?
0
What is the thousands digit of 4043715?
3
What is the thousands digit of 249963?
9
What is the hundred thousands digit of 743930?
7
What is the thousands digit of 25147949?
7
What is the tens digit of 42144?
4
What is the millions digit of 7148336?
7
What is the hundreds digit of 402404?
4
What is the millions digit of 18670642?
8
What is the tens digit of 575199?
9
What is the units digit of 6249241?
1
What is the tens digit of 4073147?
4
What is the ten thousands digit of 159222?
5
What is the tens digit of 545183?
8
What is the tens digit of 1715878?
7
What is the thousands digit of 312188?
2
What is the thousands digit of 177905?
7
What is the units digit of 70068?
8
W